{"version":"1.0","provider_name":"Experiencia Florida: Blog","provider_url":"http:\/\/blogs.florida.es\/floridauniversitariablog","author_name":"pfernandez@florida.local","author_url":"http:\/\/blogs.florida.es\/floridauniversitariablog\/author\/pfernandez\/","title":"Formando a formadores del proyecto NEBULA - Experiencia Florida: Blog","type":"rich","width":600,"height":338,"html":"<blockquote class=\"wp-embedded-content\" data-secret=\"Qlq4bM9mS0\"><a href=\"http:\/\/blogs.florida.es\/floridauniversitariablog\/2015\/07\/formando-a-formadores-del-proyecto-nebula\/\">Formando a formadores del proyecto NEBULA<\/a><\/blockquote><iframe sandbox=\"allow-scripts\" security=\"restricted\" src=\"http:\/\/blogs.florida.es\/floridauniversitariablog\/2015\/07\/formando-a-formadores-del-proyecto-nebula\/embed\/#?secret=Qlq4bM9mS0\" width=\"600\" height=\"338\" title=\"\u00abFormando a formadores del proyecto NEBULA\u00bb \u2014 Experiencia Florida: Blog\" data-secret=\"Qlq4bM9mS0\" frameborder=\"0\" marginwidth=\"0\" marginheight=\"0\" scrolling=\"no\" class=\"wp-embedded-content\"><\/iframe><script type=\"text\/javascript\">\n\/* <![CDATA[ *\/\n\/*! This file is auto-generated *\/\n!function(d,l){\"use strict\";l.querySelector&&d.addEventListener&&\"undefined\"!=typeof URL&&(d.wp=d.wp||{},d.wp.receiveEmbedMessage||(d.wp.receiveEmbedMessage=function(e){var t=e.data;if((t||t.secret||t.message||t.value)&&!\/[^a-zA-Z0-9]\/.test(t.secret)){for(var s,r,n,a=l.querySelectorAll('iframe[data-secret=\"'+t.secret+'\"]'),o=l.querySelectorAll('blockquote[data-secret=\"'+t.secret+'\"]'),c=new RegExp(\"^https?:$\",\"i\"),i=0;i<o.length;i++)o[i].style.display=\"none\";for(i=0;i<a.length;i++)s=a[i],e.source===s.contentWindow&&(s.removeAttribute(\"style\"),\"height\"===t.message?(1e3<(r=parseInt(t.value,10))?r=1e3:~~r<200&&(r=200),s.height=r):\"link\"===t.message&&(r=new URL(s.getAttribute(\"src\")),n=new URL(t.value),c.test(n.protocol))&&n.host===r.host&&l.activeElement===s&&(d.top.location.href=t.value))}},d.addEventListener(\"message\",d.wp.receiveEmbedMessage,!1),l.addEventListener(\"DOMContentLoaded\",function(){for(var e,t,s=l.querySelectorAll(\"iframe.wp-embedded-content\"),r=0;r<s.length;r++)(t=(e=s[r]).getAttribute(\"data-secret\"))||(t=Math.random().toString(36).substring(2,12),e.src+=\"#?secret=\"+t,e.setAttribute(\"data-secret\",t)),e.contentWindow.postMessage({message:\"ready\",secret:t},\"*\")},!1)))}(window,document);\n\/* ]]> *\/\n<\/script>\n","description":"Durante los d\u00edas 7 y 8 de Julio, Florida acogi\u00f3 a los socios internacionales del proyecto NEBULA para presentarles un curso formativo que luego deber\u00e1n impartir en sus pa\u00edses. El programa formativo que propone NEBULA es fruto de un an\u00e1lisis de competencias, m\u00e1s all\u00e1 de las t\u00e9cnicas, necesarias y no siempre presentes para mejorar la [&hellip;]","thumbnail_url":"https:\/\/blogs.florida.es\/floridauniversitariatic\/wp-content\/uploads\/sites\/17\/2015\/07\/11709523_991786627532665_2325012038332804512_n.jpg?w=300"}

Durante los días 7 y 8 de Julio, Florida acogió a los socios internacionales del proyecto NEBULA para presentarles un curso formativo que luego deberán impartir en sus países. El programa formativo que propone NEBULA es fruto de un análisis de competencias, más allá de las técnicas, necesarias y no siempre presentes para mejorar la [&hellip;]
