{"id":14,"date":"2014-12-09T10:44:30","date_gmt":"2014-12-09T10:44:30","guid":{"rendered":"http:\/\/blogs.florida.es\/geekweek\/?page_id=14"},"modified":"2019-11-29T11:51:51","modified_gmt":"2019-11-29T11:51:51","slug":"florida-game-jam","status":"publish","type":"page","link":"https:\/\/blogs.florida.es\/floridagamejam\/florida-game-jam\/","title":{"rendered":"Global Game Jam"},"content":{"rendered":"<p>[vc_row 0=\u00bb\u00bb][vc_column 0=\u00bb\u00bb][vc_column_text]<\/p>\n<h4 style=\"text-align: center\"><a href=\"https:\/\/www.floridauniversitaria.es\/es-ES\/Paginas\/FloridaUniversitaria.aspx?Perfil=Florida%20Universitaria\">Florida Universit\u00e0ria<\/a> ha sido designada como sede de la <a href=\"http:\/\/globalgamejam.org\/\">Global Game Jam 2020<\/a>.<\/h4>\n<p>[\/vc_column_text][\/vc_column][\/vc_row][vc_row 0=\u00bb\u00bb][vc_column width=\u00bb1\/4&#8243;][vc_single_image image=\u00bb104&#8243; img_size=\u00bb150&#215;150&#8243; alignment=\u00bbcenter\u00bb onclick=\u00bbcustom_link\u00bb img_link_target=\u00bb_blank\u00bb link=\u00bbhttps:\/\/globalgamejam.org\/\u00bb][\/vc_column][vc_column width=\u00bb3\/4&#8243;][vc_column_text 0=\u00bb\u00bb css=\u00bb.vc_custom_1575027652506{margin-top: -30px !important;}\u00bb]<span style=\"text-align: justify\">\u00bfNo sabes que es la Global Game Jam?<br \/>\nEs un evento excepcional, un\u00a0<strong>encuentro intenso de creadores <\/strong>(animadores 2D y 3D, desarrolladores, programadores, narradores\u2026) que se re\u00fanen en peque\u00f1os equipos y\u00a0<b>desarrollan un videojuego<\/b>. Lo excepcional es que se celebra simult\u00e1neamente (en m\u00e1s de 240 ciudades) en todo el mundo durante las mismas\u00a0<strong>48 horas<\/strong>.<\/span>[\/vc_column_text][\/vc_column][\/vc_row][vc_row][vc_column][vc_column_text 0=\u00bb\u00bb]<\/p>\n<h3 style=\"text-align: center;color: #e4002b\"><strong>31 de enero, 1 y 2 de febrero<\/strong><\/h3>\n<p>[\/vc_column_text][\/vc_column][\/vc_row][vc_row 0=\u00bb\u00bb][vc_column 0=\u00bb\u00bb][vc_column_text 0=\u00bb\u00bb]No necesitas ser experto\/a en las habilidades ni en el sector, simplemente buscamos a personas apasionadas por los videojuegos o que les atraiga este mundo. Personas con habilidades inform\u00e1ticas, audiovisuales, narrativas, de dise\u00f1o, con ganas de divertirse, compartir experiencias, aprender y conocer gente como t\u00fa que disfruta creando videojuegos y que quiz\u00e1 quiera convertirlo en su profesi\u00f3n.<\/p>\n<p>El \u00fanico requisito es\u00a0que seas\u00a0<span style=\"color: #e4002b\"><strong>mayor de 18 a\u00f1os<\/strong><\/span>. Adem\u00e1s deber\u00e1s traerte tu propio equipo y material y nosotros pondremos lo dem\u00e1s (espacio, WIFI, lugar para descansar\u2026)[\/vc_column_text][vc_video link=\u00bbhttps:\/\/www.youtube.com\/watch?time_continue=2&amp;v=PPJGLTXfH6o&amp;feature=emb_logo\u00bb align=\u00bbcenter\u00bb][\/vc_column][\/vc_row]<\/p>\n","protected":false},"excerpt":{"rendered":"<p>[vc_row 0=\u00bb\u00bb][vc_column 0=\u00bb\u00bb][vc_column_text] Florida Universit\u00e0ria ha sido designada como sede de la Global Game Jam 2020. [\/vc_column_text][\/vc_column][\/vc_row][vc_row 0=\u00bb\u00bb][vc_column width=\u00bb1\/4&#8243;][vc_single_image image=\u00bb104&#8243; img_size=\u00bb150&#215;150&#8243; alignment=\u00bbcenter\u00bb onclick=\u00bbcustom_link\u00bb img_link_target=\u00bb_blank\u00bb link=\u00bbhttps:\/\/globalgamejam.org\/\u00bb][\/vc_column][vc_column width=\u00bb3\/4&#8243;][vc_column_text 0=\u00bb\u00bb css=\u00bb.vc_custom_1575027652506{margin-top: -30px !important;}\u00bb]\u00bfNo sabes que es la Global Game Jam? Es un evento excepcional, un\u00a0encuentro intenso de creadores (animadores 2D y 3D, desarrolladores, programadores, narradores\u2026) que se re\u00fanen [&hellip;]<\/p>\n","protected":false},"author":28,"featured_media":0,"parent":0,"menu_order":0,"comment_status":"open","ping_status":"open","template":"","meta":{"footnotes":""},"class_list":["post-14","page","type-page","status-publish","hentry"],"yoast_head":"<!-- This site is optimized with the Yoast SEO plugin v21.6 - https:\/\/yoast.com\/wordpress\/plugins\/seo\/ -->\n<title>Global Game Jam - Florida Game Jam<\/title>\n<meta name=\"robots\" content=\"index, follow, max-snippet:-1, max-image-preview:large, max-video-preview:-1\" \/>\n<link rel=\"canonical\" href=\"https:\/\/blogs.florida.es\/floridagamejam\/florida-game-jam\/\" \/>\n<meta property=\"og:locale\" content=\"es_ES\" \/>\n<meta property=\"og:type\" content=\"article\" \/>\n<meta property=\"og:title\" content=\"Global Game Jam - Florida Game Jam\" \/>\n<meta property=\"og:description\" content=\"[vc_row 0=\u00bb\u00bb][vc_column 0=\u00bb\u00bb][vc_column_text] Florida Universit\u00e0ria ha sido designada como sede de la Global Game Jam 2020. [\/vc_column_text][\/vc_column][\/vc_row][vc_row 0=\u00bb\u00bb][vc_column width=\u00bb1\/4&#8243;][vc_single_image image=\u00bb104&#8243; img_size=\u00bb150&#215;150&#8243; alignment=\u00bbcenter\u00bb onclick=\u00bbcustom_link\u00bb img_link_target=\u00bb_blank\u00bb link=\u00bbhttps:\/\/globalgamejam.org\/\u00bb][\/vc_column][vc_column width=\u00bb3\/4&#8243;][vc_column_text 0=\u00bb\u00bb css=\u00bb.vc_custom_1575027652506{margin-top: -30px !important;}\u00bb]\u00bfNo sabes que es la Global Game Jam? Es un evento excepcional, un\u00a0encuentro intenso de creadores (animadores 2D y 3D, desarrolladores, programadores, narradores\u2026) que se re\u00fanen [&hellip;]\" \/>\n<meta property=\"og:url\" content=\"https:\/\/blogs.florida.es\/floridagamejam\/florida-game-jam\/\" \/>\n<meta property=\"og:site_name\" content=\"Florida Game Jam\" \/>\n<meta property=\"article:modified_time\" content=\"2019-11-29T11:51:51+00:00\" \/>\n<meta name=\"twitter:card\" content=\"summary_large_image\" \/>\n<meta name=\"twitter:label1\" content=\"Tiempo de lectura\" \/>\n\t<meta name=\"twitter:data1\" content=\"1 minuto\" \/>\n<script type=\"application\/ld+json\" class=\"yoast-schema-graph\">{\"@context\":\"https:\/\/schema.org\",\"@graph\":[{\"@type\":\"WebPage\",\"@id\":\"https:\/\/blogs.florida.es\/floridagamejam\/florida-game-jam\/\",\"url\":\"https:\/\/blogs.florida.es\/floridagamejam\/florida-game-jam\/\",\"name\":\"Global Game Jam - Florida Game Jam\",\"isPartOf\":{\"@id\":\"https:\/\/blogs.florida.es\/floridagamejam\/#website\"},\"datePublished\":\"2014-12-09T10:44:30+00:00\",\"dateModified\":\"2019-11-29T11:51:51+00:00\",\"breadcrumb\":{\"@id\":\"https:\/\/blogs.florida.es\/floridagamejam\/florida-game-jam\/#breadcrumb\"},\"inLanguage\":\"es\",\"potentialAction\":[{\"@type\":\"ReadAction\",\"target\":[\"https:\/\/blogs.florida.es\/floridagamejam\/florida-game-jam\/\"]}]},{\"@type\":\"BreadcrumbList\",\"@id\":\"https:\/\/blogs.florida.es\/floridagamejam\/florida-game-jam\/#breadcrumb\",\"itemListElement\":[{\"@type\":\"ListItem\",\"position\":1,\"name\":\"Portada\",\"item\":\"https:\/\/blogs.florida.es\/floridagamejam\/\"},{\"@type\":\"ListItem\",\"position\":2,\"name\":\"Global Game Jam\"}]},{\"@type\":\"WebSite\",\"@id\":\"https:\/\/blogs.florida.es\/floridagamejam\/#website\",\"url\":\"https:\/\/blogs.florida.es\/floridagamejam\/\",\"name\":\"Florida Game Jam\",\"description\":\"CREA, DESARROLLA Y DISE\u00d1A TU PROPIO VIDEOJUEGO EN 48 HORAS\",\"publisher\":{\"@id\":\"https:\/\/blogs.florida.es\/floridagamejam\/#organization\"},\"potentialAction\":[{\"@type\":\"SearchAction\",\"target\":{\"@type\":\"EntryPoint\",\"urlTemplate\":\"https:\/\/blogs.florida.es\/floridagamejam\/?s={search_term_string}\"},\"query-input\":\"required name=search_term_string\"}],\"inLanguage\":\"es\"},{\"@type\":\"Organization\",\"@id\":\"https:\/\/blogs.florida.es\/floridagamejam\/#organization\",\"name\":\"Florida Game Jam\",\"url\":\"https:\/\/blogs.florida.es\/floridagamejam\/\",\"logo\":{\"@type\":\"ImageObject\",\"inLanguage\":\"es\",\"@id\":\"https:\/\/blogs.florida.es\/floridagamejam\/#\/schema\/logo\/image\/\",\"url\":\"https:\/\/blogs.florida.es\/floridagamejam\/wp-content\/uploads\/sites\/10\/2019\/11\/cropped-logo_blanco2-scaled.png\",\"contentUrl\":\"https:\/\/blogs.florida.es\/floridagamejam\/wp-content\/uploads\/sites\/10\/2019\/11\/cropped-logo_blanco2-scaled.png\",\"width\":2560,\"height\":1258,\"caption\":\"Florida Game Jam\"},\"image\":{\"@id\":\"https:\/\/blogs.florida.es\/floridagamejam\/#\/schema\/logo\/image\/\"}}]}<\/script>\n<!-- \/ Yoast SEO plugin. -->","yoast_head_json":{"title":"Global Game Jam - Florida Game Jam","robots":{"index":"index","follow":"follow","max-snippet":"max-snippet:-1","max-image-preview":"max-image-preview:large","max-video-preview":"max-video-preview:-1"},"canonical":"https:\/\/blogs.florida.es\/floridagamejam\/florida-game-jam\/","og_locale":"es_ES","og_type":"article","og_title":"Global Game Jam - Florida Game Jam","og_description":"[vc_row 0=\u00bb\u00bb][vc_column 0=\u00bb\u00bb][vc_column_text] Florida Universit\u00e0ria ha sido designada como sede de la Global Game Jam 2020. [\/vc_column_text][\/vc_column][\/vc_row][vc_row 0=\u00bb\u00bb][vc_column width=\u00bb1\/4&#8243;][vc_single_image image=\u00bb104&#8243; img_size=\u00bb150&#215;150&#8243; alignment=\u00bbcenter\u00bb onclick=\u00bbcustom_link\u00bb img_link_target=\u00bb_blank\u00bb link=\u00bbhttps:\/\/globalgamejam.org\/\u00bb][\/vc_column][vc_column width=\u00bb3\/4&#8243;][vc_column_text 0=\u00bb\u00bb css=\u00bb.vc_custom_1575027652506{margin-top: -30px !important;}\u00bb]\u00bfNo sabes que es la Global Game Jam? Es un evento excepcional, un\u00a0encuentro intenso de creadores (animadores 2D y 3D, desarrolladores, programadores, narradores\u2026) que se re\u00fanen [&hellip;]","og_url":"https:\/\/blogs.florida.es\/floridagamejam\/florida-game-jam\/","og_site_name":"Florida Game Jam","article_modified_time":"2019-11-29T11:51:51+00:00","twitter_card":"summary_large_image","twitter_misc":{"Tiempo de lectura":"1 minuto"},"schema":{"@context":"https:\/\/schema.org","@graph":[{"@type":"WebPage","@id":"https:\/\/blogs.florida.es\/floridagamejam\/florida-game-jam\/","url":"https:\/\/blogs.florida.es\/floridagamejam\/florida-game-jam\/","name":"Global Game Jam - Florida Game Jam","isPartOf":{"@id":"https:\/\/blogs.florida.es\/floridagamejam\/#website"},"datePublished":"2014-12-09T10:44:30+00:00","dateModified":"2019-11-29T11:51:51+00:00","breadcrumb":{"@id":"https:\/\/blogs.florida.es\/floridagamejam\/florida-game-jam\/#breadcrumb"},"inLanguage":"es","potentialAction":[{"@type":"ReadAction","target":["https:\/\/blogs.florida.es\/floridagamejam\/florida-game-jam\/"]}]},{"@type":"BreadcrumbList","@id":"https:\/\/blogs.florida.es\/floridagamejam\/florida-game-jam\/#breadcrumb","itemListElement":[{"@type":"ListItem","position":1,"name":"Portada","item":"https:\/\/blogs.florida.es\/floridagamejam\/"},{"@type":"ListItem","position":2,"name":"Global Game Jam"}]},{"@type":"WebSite","@id":"https:\/\/blogs.florida.es\/floridagamejam\/#website","url":"https:\/\/blogs.florida.es\/floridagamejam\/","name":"Florida Game Jam","description":"CREA, DESARROLLA Y DISE\u00d1A TU PROPIO VIDEOJUEGO EN 48 HORAS","publisher":{"@id":"https:\/\/blogs.florida.es\/floridagamejam\/#organization"},"potentialAction":[{"@type":"SearchAction","target":{"@type":"EntryPoint","urlTemplate":"https:\/\/blogs.florida.es\/floridagamejam\/?s={search_term_string}"},"query-input":"required name=search_term_string"}],"inLanguage":"es"},{"@type":"Organization","@id":"https:\/\/blogs.florida.es\/floridagamejam\/#organization","name":"Florida Game Jam","url":"https:\/\/blogs.florida.es\/floridagamejam\/","logo":{"@type":"ImageObject","inLanguage":"es","@id":"https:\/\/blogs.florida.es\/floridagamejam\/#\/schema\/logo\/image\/","url":"https:\/\/blogs.florida.es\/floridagamejam\/wp-content\/uploads\/sites\/10\/2019\/11\/cropped-logo_blanco2-scaled.png","contentUrl":"https:\/\/blogs.florida.es\/floridagamejam\/wp-content\/uploads\/sites\/10\/2019\/11\/cropped-logo_blanco2-scaled.png","width":2560,"height":1258,"caption":"Florida Game Jam"},"image":{"@id":"https:\/\/blogs.florida.es\/floridagamejam\/#\/schema\/logo\/image\/"}}]}},"_links":{"self":[{"href":"https:\/\/blogs.florida.es\/floridagamejam\/wp-json\/wp\/v2\/pages\/14","targetHints":{"allow":["GET"]}}],"collection":[{"href":"https:\/\/blogs.florida.es\/floridagamejam\/wp-json\/wp\/v2\/pages"}],"about":[{"href":"https:\/\/blogs.florida.es\/floridagamejam\/wp-json\/wp\/v2\/types\/page"}],"author":[{"embeddable":true,"href":"https:\/\/blogs.florida.es\/floridagamejam\/wp-json\/wp\/v2\/users\/28"}],"replies":[{"embeddable":true,"href":"https:\/\/blogs.florida.es\/floridagamejam\/wp-json\/wp\/v2\/comments?post=14"}],"version-history":[{"count":20,"href":"https:\/\/blogs.florida.es\/floridagamejam\/wp-json\/wp\/v2\/pages\/14\/revisions"}],"predecessor-version":[{"id":354,"href":"https:\/\/blogs.florida.es\/floridagamejam\/wp-json\/wp\/v2\/pages\/14\/revisions\/354"}],"wp:attachment":[{"href":"https:\/\/blogs.florida.es\/floridagamejam\/wp-json\/wp\/v2\/media?parent=14"}],"curies":[{"name":"wp","href":"https:\/\/api.w.org\/{rel}","templated":true}]}}