{"version":"1.0","provider_name":"Experiencia Florida: Blog","provider_url":"https:\/\/blogs.florida.es\/floridauniversitariablog","author_name":"mtmoreno@florida.local","author_url":"https:\/\/blogs.florida.es\/floridauniversitariablog\/author\/mtmoreno\/","title":"Vicepresidenta de la red SPACE - Experiencia Florida: Blog","type":"rich","width":600,"height":338,"html":"<blockquote class=\"wp-embedded-content\" data-secret=\"XAit7qdj4K\"><a href=\"https:\/\/blogs.florida.es\/floridauniversitariablog\/2012\/05\/vicepresidenta-de-la-red-space\/\">Vicepresidenta de la red SPACE<\/a><\/blockquote><iframe sandbox=\"allow-scripts\" security=\"restricted\" src=\"https:\/\/blogs.florida.es\/floridauniversitariablog\/2012\/05\/vicepresidenta-de-la-red-space\/embed\/#?secret=XAit7qdj4K\" width=\"600\" height=\"338\" title=\"\u00abVicepresidenta de la red SPACE\u00bb \u2014 Experiencia Florida: Blog\" data-secret=\"XAit7qdj4K\" frameborder=\"0\" marginwidth=\"0\" marginheight=\"0\" scrolling=\"no\" class=\"wp-embedded-content\"><\/iframe><script type=\"text\/javascript\">\n\/* <![CDATA[ *\/\n\/*! This file is auto-generated *\/\n!function(d,l){\"use strict\";l.querySelector&&d.addEventListener&&\"undefined\"!=typeof URL&&(d.wp=d.wp||{},d.wp.receiveEmbedMessage||(d.wp.receiveEmbedMessage=function(e){var t=e.data;if((t||t.secret||t.message||t.value)&&!\/[^a-zA-Z0-9]\/.test(t.secret)){for(var s,r,n,a=l.querySelectorAll('iframe[data-secret=\"'+t.secret+'\"]'),o=l.querySelectorAll('blockquote[data-secret=\"'+t.secret+'\"]'),c=new RegExp(\"^https?:$\",\"i\"),i=0;i<o.length;i++)o[i].style.display=\"none\";for(i=0;i<a.length;i++)s=a[i],e.source===s.contentWindow&&(s.removeAttribute(\"style\"),\"height\"===t.message?(1e3<(r=parseInt(t.value,10))?r=1e3:~~r<200&&(r=200),s.height=r):\"link\"===t.message&&(r=new URL(s.getAttribute(\"src\")),n=new URL(t.value),c.test(n.protocol))&&n.host===r.host&&l.activeElement===s&&(d.top.location.href=t.value))}},d.addEventListener(\"message\",d.wp.receiveEmbedMessage,!1),l.addEventListener(\"DOMContentLoaded\",function(){for(var e,t,s=l.querySelectorAll(\"iframe.wp-embedded-content\"),r=0;r<s.length;r++)(t=(e=s[r]).getAttribute(\"data-secret\"))||(t=Math.random().toString(36).substring(2,12),e.src+=\"#?secret=\"+t,e.setAttribute(\"data-secret\",t)),e.contentWindow.postMessage({message:\"ready\",secret:t},\"*\")},!1)))}(window,document);\n\/* ]]> *\/\n<\/script>\n","description":"La profesora de la Unidad de Ingenier\u00eda de Florida Universit\u00e0ria, Mercedes Aznar Jim\u00e9nez, acaba de ser elegida vicepresidenta de la red SPACE (Asociaci\u00f3n de Instituciones Europeas en el marco de la Educaci\u00f3n Superior, http:\/\/www.space-eu.be\/), de la que Florida forma parte desde hace 7 a\u00f1os. La candidatura de Mercedes Aznar fue aprobada por unanimidad de los [&hellip;]","thumbnail_url":"https:\/\/blogs.florida.es\/floridauniversitariaingenieria\/wp-content\/uploads\/sites\/14\/2012\/05\/mercedes-aznar.jpg"}

La profesora de la Unidad de Ingeniería de Florida Universitària, Mercedes Aznar Jiménez, acaba de ser elegida vicepresidenta de la red SPACE (Asociación de Instituciones Europeas en el marco de la Educación Superior, http://www.space-eu.be/), de la que Florida forma parte desde hace 7 años. La candidatura de Mercedes Aznar fue aprobada por unanimidad de los [&hellip;]
