{"version":"1.0","provider_name":"Experiencia Florida: Blog","provider_url":"https:\/\/blogs.florida.es\/floridauniversitariablog","author_name":"mtmoreno@florida.local","author_url":"https:\/\/blogs.florida.es\/floridauniversitariablog\/author\/mtmoreno\/","title":"Programa alternativo para el CIT2013 - Experiencia Florida: Blog","type":"rich","width":600,"height":338,"html":"<blockquote class=\"wp-embedded-content\" data-secret=\"OCebwkn2jR\"><a href=\"https:\/\/blogs.florida.es\/floridauniversitariablog\/2013\/04\/programa-alternativo-para-el-cit2013\/\">Programa alternativo para el CIT2013<\/a><\/blockquote><iframe sandbox=\"allow-scripts\" security=\"restricted\" src=\"https:\/\/blogs.florida.es\/floridauniversitariablog\/2013\/04\/programa-alternativo-para-el-cit2013\/embed\/#?secret=OCebwkn2jR\" width=\"600\" height=\"338\" title=\"\u00abPrograma alternativo para el CIT2013\u00bb \u2014 Experiencia Florida: Blog\" data-secret=\"OCebwkn2jR\" frameborder=\"0\" marginwidth=\"0\" marginheight=\"0\" scrolling=\"no\" class=\"wp-embedded-content\"><\/iframe><script type=\"text\/javascript\">\n\/* <![CDATA[ *\/\n\/*! This file is auto-generated *\/\n!function(d,l){\"use strict\";l.querySelector&&d.addEventListener&&\"undefined\"!=typeof URL&&(d.wp=d.wp||{},d.wp.receiveEmbedMessage||(d.wp.receiveEmbedMessage=function(e){var t=e.data;if((t||t.secret||t.message||t.value)&&!\/[^a-zA-Z0-9]\/.test(t.secret)){for(var s,r,n,a=l.querySelectorAll('iframe[data-secret=\"'+t.secret+'\"]'),o=l.querySelectorAll('blockquote[data-secret=\"'+t.secret+'\"]'),c=new RegExp(\"^https?:$\",\"i\"),i=0;i<o.length;i++)o[i].style.display=\"none\";for(i=0;i<a.length;i++)s=a[i],e.source===s.contentWindow&&(s.removeAttribute(\"style\"),\"height\"===t.message?(1e3<(r=parseInt(t.value,10))?r=1e3:~~r<200&&(r=200),s.height=r):\"link\"===t.message&&(r=new URL(s.getAttribute(\"src\")),n=new URL(t.value),c.test(n.protocol))&&n.host===r.host&&l.activeElement===s&&(d.top.location.href=t.value))}},d.addEventListener(\"message\",d.wp.receiveEmbedMessage,!1),l.addEventListener(\"DOMContentLoaded\",function(){for(var e,t,s=l.querySelectorAll(\"iframe.wp-embedded-content\"),r=0;r<s.length;r++)(t=(e=s[r]).getAttribute(\"data-secret\"))||(t=Math.random().toString(36).substring(2,12),e.src+=\"#?secret=\"+t,e.setAttribute(\"data-secret\",t)),e.contentWindow.postMessage({message:\"ready\",secret:t},\"*\")},!1)))}(window,document);\n\/* ]]> *\/\n<\/script>\n","description":"Ya conoc\u00e9is todos el evento que nos espera en menos de una semana en Valencia. Esperamos asistentes de todas las partes del mundo, as\u00ed que hemos querido que adem\u00e1s de disfrutar de los potentes ponentes con los que contamos, tambi\u00e9n puedan deleitarse de una incre\u00edble cata de nuestros vinos valencianos y productos m\u00e1s representativos y [&hellip;]"}

Ya conocéis todos el evento que nos espera en menos de una semana en Valencia. Esperamos asistentes de todas las partes del mundo, así que hemos querido que además de disfrutar de los potentes ponentes con los que contamos, también puedan deleitarse de una increíble cata de nuestros vinos valencianos y productos más representativos y [&hellip;]
