{"version":"1.0","provider_name":"Experiencia Florida: Blog","provider_url":"https:\/\/blogs.florida.es\/floridauniversitariablog","author_name":"mtmoreno@florida.local","author_url":"https:\/\/blogs.florida.es\/floridauniversitariablog\/author\/mtmoreno\/","title":"LEARNING JOURNAL - Experiencia Florida: Blog","type":"rich","width":600,"height":338,"html":"<blockquote class=\"wp-embedded-content\" data-secret=\"w8k77bHchh\"><a href=\"https:\/\/blogs.florida.es\/floridauniversitariablog\/2013\/09\/learning-journal\/\">LEARNING JOURNAL<\/a><\/blockquote><iframe sandbox=\"allow-scripts\" security=\"restricted\" src=\"https:\/\/blogs.florida.es\/floridauniversitariablog\/2013\/09\/learning-journal\/embed\/#?secret=w8k77bHchh\" width=\"600\" height=\"338\" title=\"\u00abLEARNING JOURNAL\u00bb \u2014 Experiencia Florida: Blog\" data-secret=\"w8k77bHchh\" frameborder=\"0\" marginwidth=\"0\" marginheight=\"0\" scrolling=\"no\" class=\"wp-embedded-content\"><\/iframe><script type=\"text\/javascript\">\n\/* <![CDATA[ *\/\n\/*! This file is auto-generated *\/\n!function(d,l){\"use strict\";l.querySelector&&d.addEventListener&&\"undefined\"!=typeof URL&&(d.wp=d.wp||{},d.wp.receiveEmbedMessage||(d.wp.receiveEmbedMessage=function(e){var t=e.data;if((t||t.secret||t.message||t.value)&&!\/[^a-zA-Z0-9]\/.test(t.secret)){for(var s,r,n,a=l.querySelectorAll('iframe[data-secret=\"'+t.secret+'\"]'),o=l.querySelectorAll('blockquote[data-secret=\"'+t.secret+'\"]'),c=new RegExp(\"^https?:$\",\"i\"),i=0;i<o.length;i++)o[i].style.display=\"none\";for(i=0;i<a.length;i++)s=a[i],e.source===s.contentWindow&&(s.removeAttribute(\"style\"),\"height\"===t.message?(1e3<(r=parseInt(t.value,10))?r=1e3:~~r<200&&(r=200),s.height=r):\"link\"===t.message&&(r=new URL(s.getAttribute(\"src\")),n=new URL(t.value),c.test(n.protocol))&&n.host===r.host&&l.activeElement===s&&(d.top.location.href=t.value))}},d.addEventListener(\"message\",d.wp.receiveEmbedMessage,!1),l.addEventListener(\"DOMContentLoaded\",function(){for(var e,t,s=l.querySelectorAll(\"iframe.wp-embedded-content\"),r=0;r<s.length;r++)(t=(e=s[r]).getAttribute(\"data-secret\"))||(t=Math.random().toString(36).substring(2,12),e.src+=\"#?secret=\"+t,e.setAttribute(\"data-secret\",t)),e.contentWindow.postMessage({message:\"ready\",secret:t},\"*\")},!1)))}(window,document);\n\/* ]]> *\/\n<\/script>\n","description":"Una part molt important de l\u2019aprenentatge sempre ha sigut la assimilaci\u00f3 i conscienciaci\u00f3 del propi aprenentatge i evoluci\u00f3 per part de l\u2019aprenent. El nostre alumnat ho t\u00e9 clar, per\u00f2 son conscients del seu propi aprenentatge? Fa un mes, l\u2019alumnat de 4rt d\u2019Educaci\u00f3 ho v\u00e0rem comprovar. Particip\u00e0rem en una activitat grupal a les nostres respectives classes [&hellip;]","thumbnail_url":"http:\/\/floridauniversitariaeducacion.files.wordpress.com\/2013\/11\/lj.jpg?w=650"}

Una part molt important de l’aprenentatge sempre ha sigut la assimilació i conscienciació del propi aprenentatge i evolució per part de l’aprenent. El nostre alumnat ho té clar, però son conscients del seu propi aprenentatge? Fa un mes, l’alumnat de 4rt d’Educació ho vàrem comprovar. Participàrem en una activitat grupal a les nostres respectives classes [&hellip;]
