{"version":"1.0","provider_name":"Experiencia Florida: Blog","provider_url":"https:\/\/blogs.florida.es\/floridauniversitariablog","author_name":"mtmoreno@florida.local","author_url":"https:\/\/blogs.florida.es\/floridauniversitariablog\/author\/mtmoreno\/","title":"Taller de \u00c9tica Profesional en Turismo - Experiencia Florida: Blog","type":"rich","width":600,"height":338,"html":"<blockquote class=\"wp-embedded-content\" data-secret=\"wGc1k3T3Zh\"><a href=\"https:\/\/blogs.florida.es\/floridauniversitariablog\/2014\/01\/taller-de-etica-profesional-en-turismo\/\">Taller de \u00c9tica Profesional en Turismo<\/a><\/blockquote><iframe sandbox=\"allow-scripts\" security=\"restricted\" src=\"https:\/\/blogs.florida.es\/floridauniversitariablog\/2014\/01\/taller-de-etica-profesional-en-turismo\/embed\/#?secret=wGc1k3T3Zh\" width=\"600\" height=\"338\" title=\"\u00abTaller de \u00c9tica Profesional en Turismo\u00bb \u2014 Experiencia Florida: Blog\" data-secret=\"wGc1k3T3Zh\" frameborder=\"0\" marginwidth=\"0\" marginheight=\"0\" scrolling=\"no\" class=\"wp-embedded-content\"><\/iframe><script type=\"text\/javascript\">\n\/* <![CDATA[ *\/\n\/*! This file is auto-generated *\/\n!function(d,l){\"use strict\";l.querySelector&&d.addEventListener&&\"undefined\"!=typeof URL&&(d.wp=d.wp||{},d.wp.receiveEmbedMessage||(d.wp.receiveEmbedMessage=function(e){var t=e.data;if((t||t.secret||t.message||t.value)&&!\/[^a-zA-Z0-9]\/.test(t.secret)){for(var s,r,n,a=l.querySelectorAll('iframe[data-secret=\"'+t.secret+'\"]'),o=l.querySelectorAll('blockquote[data-secret=\"'+t.secret+'\"]'),c=new RegExp(\"^https?:$\",\"i\"),i=0;i<o.length;i++)o[i].style.display=\"none\";for(i=0;i<a.length;i++)s=a[i],e.source===s.contentWindow&&(s.removeAttribute(\"style\"),\"height\"===t.message?(1e3<(r=parseInt(t.value,10))?r=1e3:~~r<200&&(r=200),s.height=r):\"link\"===t.message&&(r=new URL(s.getAttribute(\"src\")),n=new URL(t.value),c.test(n.protocol))&&n.host===r.host&&l.activeElement===s&&(d.top.location.href=t.value))}},d.addEventListener(\"message\",d.wp.receiveEmbedMessage,!1),l.addEventListener(\"DOMContentLoaded\",function(){for(var e,t,s=l.querySelectorAll(\"iframe.wp-embedded-content\"),r=0;r<s.length;r++)(t=(e=s[r]).getAttribute(\"data-secret\"))||(t=Math.random().toString(36).substring(2,12),e.src+=\"#?secret=\"+t,e.setAttribute(\"data-secret\",t)),e.contentWindow.postMessage({message:\"ready\",secret:t},\"*\")},!1)))}(window,document);\n\/* ]]> *\/\n<\/script>\n","description":"En el marco de la Semana de la Orientaci\u00f3n Profesional, que se est\u00e1 celebrando en Florida Universitaria desde el d\u00eda 20 de enero, Agust\u00edn Pons Contreras como profesional del \u00e1mbito tur\u00edstico, vinculado al Grupo Entorno Coop. V. y El Teularet, transmiti\u00f3 su experiencia respecto a la gesti\u00f3n de turismo sostenible, a trav\u00e9s de un caso [&hellip;]","thumbnail_url":"https:\/\/blogs.florida.es\/floridauniversitariaturismo\/wp-content\/uploads\/sites\/15\/2014\/01\/img_20140123_115203.jpg?w=300"}

Taller de Ética Profesional en Turismo - Experiencia Florida: Blog

<blockquote class="wp-embedded-content" data-secret="wGc1k3T3Zh"><a href="https://blogs.florida.es/floridauniversitariablog/2014/01/taller-de-etica-profesional-en-turismo/">Taller de Ética Profesional en Turismo</a></blockquote><iframe sandbox="allow-scripts" security="restricted" src="https://blogs.florida.es/floridauniversitariablog/2014/01/taller-de-etica-profesional-en-turismo/embed/#?secret=wGc1k3T3Zh" width="600" height="338" title="«Taller de Ética Profesional en Turismo» — Experiencia Florida: Blog" data-secret="wGc1k3T3Zh" frameborder="0" marginwidth="0" marginheight="0" scrolling="no" class="wp-embedded-content"></iframe><script type="text/javascript">
/* <![CDATA[ */
/*! This file is auto-generated */
!function(d,l){"use strict";l.querySelector&&d.addEventListener&&"undefined"!=typeof URL&&(d.wp=d.wp||{},d.wp.receiveEmbedMessage||(d.wp.receiveEmbedMessage=function(e){var t=e.data;if((t||t.secret||t.message||t.value)&&!/[^a-zA-Z0-9]/.test(t.secret)){for(var s,r,n,a=l.querySelectorAll('iframe[data-secret="'+t.secret+'"]'),o=l.querySelectorAll('blockquote[data-secret="'+t.secret+'"]'),c=new RegExp("^https?:$","i"),i=0;i<o.length;i++)o[i].style.display="none";for(i=0;i<a.length;i++)s=a[i],e.source===s.contentWindow&&(s.removeAttribute("style"),"height"===t.message?(1e3<(r=parseInt(t.value,10))?r=1e3:~~r<200&&(r=200),s.height=r):"link"===t.message&&(r=new URL(s.getAttribute("src")),n=new URL(t.value),c.test(n.protocol))&&n.host===r.host&&l.activeElement===s&&(d.top.location.href=t.value))}},d.addEventListener("message",d.wp.receiveEmbedMessage,!1),l.addEventListener("DOMContentLoaded",function(){for(var e,t,s=l.querySelectorAll("iframe.wp-embedded-content"),r=0;r<s.length;r++)(t=(e=s[r]).getAttribute("data-secret"))||(t=Math.random().toString(36).substring(2,12),e.src+="#?secret="+t,e.setAttribute("data-secret",t)),e.contentWindow.postMessage({message:"ready",secret:t},"*")},!1)))}(window,document);
/* ]]> */
</script>

En el marco de la Semana de la Orientación Profesional, que se está celebrando en Florida Universitaria desde el día 20 de enero, Agustín Pons Contreras como profesional del ámbito turístico, vinculado al Grupo Entorno Coop. V. y El Teularet, transmitió su experiencia respecto a la gestión de turismo sostenible, a través de un caso [&hellip;]
