{"version":"1.0","provider_name":"Experiencia Florida: Blog","provider_url":"https:\/\/blogs.florida.es\/floridauniversitariablog","author_name":"pfernandez@florida.local","author_url":"https:\/\/blogs.florida.es\/floridauniversitariablog\/author\/pfernandez\/","title":"Anvers: Projecte europeu d&#039;Innovaci\u00f3 - Experiencia Florida: Blog","type":"rich","width":600,"height":338,"html":"<blockquote class=\"wp-embedded-content\" data-secret=\"kQCVVRYCk4\"><a href=\"https:\/\/blogs.florida.es\/floridauniversitariablog\/2014\/06\/anvers-projecte-europeu-dinnovacio\/\">Anvers: Projecte europeu d&#039;Innovaci\u00f3<\/a><\/blockquote><iframe sandbox=\"allow-scripts\" security=\"restricted\" src=\"https:\/\/blogs.florida.es\/floridauniversitariablog\/2014\/06\/anvers-projecte-europeu-dinnovacio\/embed\/#?secret=kQCVVRYCk4\" width=\"600\" height=\"338\" title=\"\u00abAnvers: Projecte europeu d&#039;Innovaci\u00f3\u00bb \u2014 Experiencia Florida: Blog\" data-secret=\"kQCVVRYCk4\" frameborder=\"0\" marginwidth=\"0\" marginheight=\"0\" scrolling=\"no\" class=\"wp-embedded-content\"><\/iframe><script type=\"text\/javascript\">\n\/* <![CDATA[ *\/\n\/*! This file is auto-generated *\/\n!function(d,l){\"use strict\";l.querySelector&&d.addEventListener&&\"undefined\"!=typeof URL&&(d.wp=d.wp||{},d.wp.receiveEmbedMessage||(d.wp.receiveEmbedMessage=function(e){var t=e.data;if((t||t.secret||t.message||t.value)&&!\/[^a-zA-Z0-9]\/.test(t.secret)){for(var s,r,n,a=l.querySelectorAll('iframe[data-secret=\"'+t.secret+'\"]'),o=l.querySelectorAll('blockquote[data-secret=\"'+t.secret+'\"]'),c=new RegExp(\"^https?:$\",\"i\"),i=0;i<o.length;i++)o[i].style.display=\"none\";for(i=0;i<a.length;i++)s=a[i],e.source===s.contentWindow&&(s.removeAttribute(\"style\"),\"height\"===t.message?(1e3<(r=parseInt(t.value,10))?r=1e3:~~r<200&&(r=200),s.height=r):\"link\"===t.message&&(r=new URL(s.getAttribute(\"src\")),n=new URL(t.value),c.test(n.protocol))&&n.host===r.host&&l.activeElement===s&&(d.top.location.href=t.value))}},d.addEventListener(\"message\",d.wp.receiveEmbedMessage,!1),l.addEventListener(\"DOMContentLoaded\",function(){for(var e,t,s=l.querySelectorAll(\"iframe.wp-embedded-content\"),r=0;r<s.length;r++)(t=(e=s[r]).getAttribute(\"data-secret\"))||(t=Math.random().toString(36).substring(2,12),e.src+=\"#?secret=\"+t,e.setAttribute(\"data-secret\",t)),e.contentWindow.postMessage({message:\"ready\",secret:t},\"*\")},!1)))}(window,document);\n\/* ]]> *\/\n<\/script>\n","description":"Els alumnes del Grau de Magisteri de Prim\u00e0ria Christian Barber\u00e0, Patricia Serrano, Melanie Peris, Enrique Pascual i M\u00aa Jos\u00e9 V\u00e1zquez participaren en el projecte europeu IP ICOI (Interdisciplinary contributions to over come in equalities: Involving young adults in innovative practices) junt amb altres 18 estudiants de B\u00e8lgica, Pa\u00efsos Baixos, Portugal i Litu\u00e0nia. El projecte IP [&hellip;]","thumbnail_url":"http:\/\/floridauniversitariaeducacion.files.wordpress.com\/2014\/06\/anvers1.jpg?w=650"}

Anvers: Projecte europeu d&#039;Innovació - Experiencia Florida: Blog

<blockquote class="wp-embedded-content" data-secret="kQCVVRYCk4"><a href="https://blogs.florida.es/floridauniversitariablog/2014/06/anvers-projecte-europeu-dinnovacio/">Anvers: Projecte europeu d&#039;Innovació</a></blockquote><iframe sandbox="allow-scripts" security="restricted" src="https://blogs.florida.es/floridauniversitariablog/2014/06/anvers-projecte-europeu-dinnovacio/embed/#?secret=kQCVVRYCk4" width="600" height="338" title="«Anvers: Projecte europeu d&#039;Innovació» — Experiencia Florida: Blog" data-secret="kQCVVRYCk4" frameborder="0" marginwidth="0" marginheight="0" scrolling="no" class="wp-embedded-content"></iframe><script type="text/javascript">
/* <![CDATA[ */
/*! This file is auto-generated */
!function(d,l){"use strict";l.querySelector&&d.addEventListener&&"undefined"!=typeof URL&&(d.wp=d.wp||{},d.wp.receiveEmbedMessage||(d.wp.receiveEmbedMessage=function(e){var t=e.data;if((t||t.secret||t.message||t.value)&&!/[^a-zA-Z0-9]/.test(t.secret)){for(var s,r,n,a=l.querySelectorAll('iframe[data-secret="'+t.secret+'"]'),o=l.querySelectorAll('blockquote[data-secret="'+t.secret+'"]'),c=new RegExp("^https?:$","i"),i=0;i<o.length;i++)o[i].style.display="none";for(i=0;i<a.length;i++)s=a[i],e.source===s.contentWindow&&(s.removeAttribute("style"),"height"===t.message?(1e3<(r=parseInt(t.value,10))?r=1e3:~~r<200&&(r=200),s.height=r):"link"===t.message&&(r=new URL(s.getAttribute("src")),n=new URL(t.value),c.test(n.protocol))&&n.host===r.host&&l.activeElement===s&&(d.top.location.href=t.value))}},d.addEventListener("message",d.wp.receiveEmbedMessage,!1),l.addEventListener("DOMContentLoaded",function(){for(var e,t,s=l.querySelectorAll("iframe.wp-embedded-content"),r=0;r<s.length;r++)(t=(e=s[r]).getAttribute("data-secret"))||(t=Math.random().toString(36).substring(2,12),e.src+="#?secret="+t,e.setAttribute("data-secret",t)),e.contentWindow.postMessage({message:"ready",secret:t},"*")},!1)))}(window,document);
/* ]]> */
</script>

Els alumnes del Grau de Magisteri de Primària Christian Barberà, Patricia Serrano, Melanie Peris, Enrique Pascual i Mª José Vázquez participaren en el projecte europeu IP ICOI (Interdisciplinary contributions to over come in equalities: Involving young adults in innovative practices) junt amb altres 18 estudiants de Bèlgica, Països Baixos, Portugal i Lituània. El projecte IP [&hellip;]
