{"version":"1.0","provider_name":"Experiencia Florida: Blog","provider_url":"https:\/\/blogs.florida.es\/floridauniversitariablog","author_name":"mtmoreno@florida.local","author_url":"https:\/\/blogs.florida.es\/floridauniversitariablog\/author\/mtmoreno\/","title":"ESPAI H\u00cdBRID - Experiencia Florida: Blog","type":"rich","width":600,"height":338,"html":"<blockquote class=\"wp-embedded-content\" data-secret=\"BV0hT8xz0Y\"><a href=\"https:\/\/blogs.florida.es\/floridauniversitariablog\/2015\/03\/espai-hibrid\/\">ESPAI H\u00cdBRID<\/a><\/blockquote><iframe sandbox=\"allow-scripts\" security=\"restricted\" src=\"https:\/\/blogs.florida.es\/floridauniversitariablog\/2015\/03\/espai-hibrid\/embed\/#?secret=BV0hT8xz0Y\" width=\"600\" height=\"338\" title=\"\u00abESPAI H\u00cdBRID\u00bb \u2014 Experiencia Florida: Blog\" data-secret=\"BV0hT8xz0Y\" frameborder=\"0\" marginwidth=\"0\" marginheight=\"0\" scrolling=\"no\" class=\"wp-embedded-content\"><\/iframe><script type=\"text\/javascript\">\n\/* <![CDATA[ *\/\n\/*! This file is auto-generated *\/\n!function(d,l){\"use strict\";l.querySelector&&d.addEventListener&&\"undefined\"!=typeof URL&&(d.wp=d.wp||{},d.wp.receiveEmbedMessage||(d.wp.receiveEmbedMessage=function(e){var t=e.data;if((t||t.secret||t.message||t.value)&&!\/[^a-zA-Z0-9]\/.test(t.secret)){for(var s,r,n,a=l.querySelectorAll('iframe[data-secret=\"'+t.secret+'\"]'),o=l.querySelectorAll('blockquote[data-secret=\"'+t.secret+'\"]'),c=new RegExp(\"^https?:$\",\"i\"),i=0;i<o.length;i++)o[i].style.display=\"none\";for(i=0;i<a.length;i++)s=a[i],e.source===s.contentWindow&&(s.removeAttribute(\"style\"),\"height\"===t.message?(1e3<(r=parseInt(t.value,10))?r=1e3:~~r<200&&(r=200),s.height=r):\"link\"===t.message&&(r=new URL(s.getAttribute(\"src\")),n=new URL(t.value),c.test(n.protocol))&&n.host===r.host&&l.activeElement===s&&(d.top.location.href=t.value))}},d.addEventListener(\"message\",d.wp.receiveEmbedMessage,!1),l.addEventListener(\"DOMContentLoaded\",function(){for(var e,t,s=l.querySelectorAll(\"iframe.wp-embedded-content\"),r=0;r<s.length;r++)(t=(e=s[r]).getAttribute(\"data-secret\"))||(t=Math.random().toString(36).substring(2,12),e.src+=\"#?secret=\"+t,e.setAttribute(\"data-secret\",t)),e.contentWindow.postMessage({message:\"ready\",secret:t},\"*\")},!1)))}(window,document);\n\/* ]]> *\/\n<\/script>\n","description":"Reflexi\u00f3 Espai H\u00edbrid: \u201cA partir d\u2019un encontre n\u2019apareixen de nous\u201d (Marcelo Falc\u00f3n) Alguns de nosaltres aquests \u00faltims dies hem viscut certs encontres que han potenciat una\u00a0 multiplicaci\u00f3 rizom\u00e0tica del nostre saber. Encara que pugui semblar senzill no \u00e9s gens f\u00e0cil trobar les unions entre tots aquells conceptes que es mostren a les classes i les [&hellip;]","thumbnail_url":"https:\/\/floridauniversitariaeducacion.files.wordpress.com\/2015\/03\/falcc3b3n.jpg"}

ESPAI HÍBRID - Experiencia Florida: Blog

<blockquote class="wp-embedded-content" data-secret="BV0hT8xz0Y"><a href="https://blogs.florida.es/floridauniversitariablog/2015/03/espai-hibrid/">ESPAI HÍBRID</a></blockquote><iframe sandbox="allow-scripts" security="restricted" src="https://blogs.florida.es/floridauniversitariablog/2015/03/espai-hibrid/embed/#?secret=BV0hT8xz0Y" width="600" height="338" title="«ESPAI HÍBRID» — Experiencia Florida: Blog" data-secret="BV0hT8xz0Y" frameborder="0" marginwidth="0" marginheight="0" scrolling="no" class="wp-embedded-content"></iframe><script type="text/javascript">
/* <![CDATA[ */
/*! This file is auto-generated */
!function(d,l){"use strict";l.querySelector&&d.addEventListener&&"undefined"!=typeof URL&&(d.wp=d.wp||{},d.wp.receiveEmbedMessage||(d.wp.receiveEmbedMessage=function(e){var t=e.data;if((t||t.secret||t.message||t.value)&&!/[^a-zA-Z0-9]/.test(t.secret)){for(var s,r,n,a=l.querySelectorAll('iframe[data-secret="'+t.secret+'"]'),o=l.querySelectorAll('blockquote[data-secret="'+t.secret+'"]'),c=new RegExp("^https?:$","i"),i=0;i<o.length;i++)o[i].style.display="none";for(i=0;i<a.length;i++)s=a[i],e.source===s.contentWindow&&(s.removeAttribute("style"),"height"===t.message?(1e3<(r=parseInt(t.value,10))?r=1e3:~~r<200&&(r=200),s.height=r):"link"===t.message&&(r=new URL(s.getAttribute("src")),n=new URL(t.value),c.test(n.protocol))&&n.host===r.host&&l.activeElement===s&&(d.top.location.href=t.value))}},d.addEventListener("message",d.wp.receiveEmbedMessage,!1),l.addEventListener("DOMContentLoaded",function(){for(var e,t,s=l.querySelectorAll("iframe.wp-embedded-content"),r=0;r<s.length;r++)(t=(e=s[r]).getAttribute("data-secret"))||(t=Math.random().toString(36).substring(2,12),e.src+="#?secret="+t,e.setAttribute("data-secret",t)),e.contentWindow.postMessage({message:"ready",secret:t},"*")},!1)))}(window,document);
/* ]]> */
</script>

Reflexió Espai Híbrid: “A partir d’un encontre n’apareixen de nous” (Marcelo Falcón) Alguns de nosaltres aquests últims dies hem viscut certs encontres que han potenciat una  multiplicació rizomàtica del nostre saber. Encara que pugui semblar senzill no és gens fàcil trobar les unions entre tots aquells conceptes que es mostren a les classes i les [&hellip;]
