{"version":"1.0","provider_name":"Experiencia Florida: Blog","provider_url":"https:\/\/blogs.florida.es\/floridauniversitariablog","author_name":"mtmoreno@florida.local","author_url":"https:\/\/blogs.florida.es\/floridauniversitariablog\/author\/mtmoreno\/","title":"Trabajo Fin de Grado: Punto de carga para veh\u00edculos el\u00e9ctricos - Experiencia Florida: Blog","type":"rich","width":600,"height":338,"html":"<blockquote class=\"wp-embedded-content\" data-secret=\"OQrRhvHCNw\"><a href=\"https:\/\/blogs.florida.es\/floridauniversitariablog\/2016\/07\/trabajo-fin-de-grado-38\/\">Trabajo Fin de Grado: Punto de carga para veh\u00edculos el\u00e9ctricos<\/a><\/blockquote><iframe sandbox=\"allow-scripts\" security=\"restricted\" src=\"https:\/\/blogs.florida.es\/floridauniversitariablog\/2016\/07\/trabajo-fin-de-grado-38\/embed\/#?secret=OQrRhvHCNw\" width=\"600\" height=\"338\" title=\"\u00abTrabajo Fin de Grado: Punto de carga para veh\u00edculos el\u00e9ctricos\u00bb \u2014 Experiencia Florida: Blog\" data-secret=\"OQrRhvHCNw\" frameborder=\"0\" marginwidth=\"0\" marginheight=\"0\" scrolling=\"no\" class=\"wp-embedded-content\"><\/iframe><script type=\"text\/javascript\">\n\/* <![CDATA[ *\/\n\/*! This file is auto-generated *\/\n!function(d,l){\"use strict\";l.querySelector&&d.addEventListener&&\"undefined\"!=typeof URL&&(d.wp=d.wp||{},d.wp.receiveEmbedMessage||(d.wp.receiveEmbedMessage=function(e){var t=e.data;if((t||t.secret||t.message||t.value)&&!\/[^a-zA-Z0-9]\/.test(t.secret)){for(var s,r,n,a=l.querySelectorAll('iframe[data-secret=\"'+t.secret+'\"]'),o=l.querySelectorAll('blockquote[data-secret=\"'+t.secret+'\"]'),c=new RegExp(\"^https?:$\",\"i\"),i=0;i<o.length;i++)o[i].style.display=\"none\";for(i=0;i<a.length;i++)s=a[i],e.source===s.contentWindow&&(s.removeAttribute(\"style\"),\"height\"===t.message?(1e3<(r=parseInt(t.value,10))?r=1e3:~~r<200&&(r=200),s.height=r):\"link\"===t.message&&(r=new URL(s.getAttribute(\"src\")),n=new URL(t.value),c.test(n.protocol))&&n.host===r.host&&l.activeElement===s&&(d.top.location.href=t.value))}},d.addEventListener(\"message\",d.wp.receiveEmbedMessage,!1),l.addEventListener(\"DOMContentLoaded\",function(){for(var e,t,s=l.querySelectorAll(\"iframe.wp-embedded-content\"),r=0;r<s.length;r++)(t=(e=s[r]).getAttribute(\"data-secret\"))||(t=Math.random().toString(36).substring(2,12),e.src+=\"#?secret=\"+t,e.setAttribute(\"data-secret\",t)),e.contentWindow.postMessage({message:\"ready\",secret:t},\"*\")},!1)))}(window,document);\n\/* ]]> *\/\n<\/script>\n","description":"El pasado martes, 12 de julio del 2016, Jos\u00e9\u00a0\u00c1ngel Villanueva Valero, alumno del Grado de Ingenier\u00eda Mec\u00e1nica, present\u00f3 y defendi\u00f3 su Trabajo Fin de Grado de Florida Universit\u00e0ria en su especialidad, titulado \u201cPunto de carga para veh\u00edculos el\u00e9ctricos\u201d, dirigido por el doctor Iv\u00e1n Patrao Herrero. El objetivo del Trabajo Fin de Grado es el dise\u00f1o [&hellip;]","thumbnail_url":"https:\/\/blogs.florida.es\/floridauniversitariaingenieria\/wp-content\/uploads\/sites\/14\/2016\/07\/miguel-c3a1ngel-villanueva-valero.jpg?w=593"}

Trabajo Fin de Grado: Punto de carga para vehículos eléctricos - Experiencia Florida: Blog

<blockquote class="wp-embedded-content" data-secret="OQrRhvHCNw"><a href="https://blogs.florida.es/floridauniversitariablog/2016/07/trabajo-fin-de-grado-38/">Trabajo Fin de Grado: Punto de carga para vehículos eléctricos</a></blockquote><iframe sandbox="allow-scripts" security="restricted" src="https://blogs.florida.es/floridauniversitariablog/2016/07/trabajo-fin-de-grado-38/embed/#?secret=OQrRhvHCNw" width="600" height="338" title="«Trabajo Fin de Grado: Punto de carga para vehículos eléctricos» — Experiencia Florida: Blog" data-secret="OQrRhvHCNw" frameborder="0" marginwidth="0" marginheight="0" scrolling="no" class="wp-embedded-content"></iframe><script type="text/javascript">
/* <![CDATA[ */
/*! This file is auto-generated */
!function(d,l){"use strict";l.querySelector&&d.addEventListener&&"undefined"!=typeof URL&&(d.wp=d.wp||{},d.wp.receiveEmbedMessage||(d.wp.receiveEmbedMessage=function(e){var t=e.data;if((t||t.secret||t.message||t.value)&&!/[^a-zA-Z0-9]/.test(t.secret)){for(var s,r,n,a=l.querySelectorAll('iframe[data-secret="'+t.secret+'"]'),o=l.querySelectorAll('blockquote[data-secret="'+t.secret+'"]'),c=new RegExp("^https?:$","i"),i=0;i<o.length;i++)o[i].style.display="none";for(i=0;i<a.length;i++)s=a[i],e.source===s.contentWindow&&(s.removeAttribute("style"),"height"===t.message?(1e3<(r=parseInt(t.value,10))?r=1e3:~~r<200&&(r=200),s.height=r):"link"===t.message&&(r=new URL(s.getAttribute("src")),n=new URL(t.value),c.test(n.protocol))&&n.host===r.host&&l.activeElement===s&&(d.top.location.href=t.value))}},d.addEventListener("message",d.wp.receiveEmbedMessage,!1),l.addEventListener("DOMContentLoaded",function(){for(var e,t,s=l.querySelectorAll("iframe.wp-embedded-content"),r=0;r<s.length;r++)(t=(e=s[r]).getAttribute("data-secret"))||(t=Math.random().toString(36).substring(2,12),e.src+="#?secret="+t,e.setAttribute("data-secret",t)),e.contentWindow.postMessage({message:"ready",secret:t},"*")},!1)))}(window,document);
/* ]]> */
</script>

El pasado martes, 12 de julio del 2016, José Ángel Villanueva Valero, alumno del Grado de Ingeniería Mecánica, presentó y defendió su Trabajo Fin de Grado de Florida Universitària en su especialidad, titulado “Punto de carga para vehículos eléctricos”, dirigido por el doctor Iván Patrao Herrero. El objetivo del Trabajo Fin de Grado es el diseño [&hellip;]
