{"version":"1.0","provider_name":"Experiencia Florida: Blog","provider_url":"https:\/\/blogs.florida.es\/floridauniversitariablog","author_name":"mtmoreno@florida.local","author_url":"https:\/\/blogs.florida.es\/floridauniversitariablog\/author\/mtmoreno\/","title":"\u2018Perqu\u00e8 contar contes compta\u2019 - Experiencia Florida: Blog","type":"rich","width":600,"height":338,"html":"<blockquote class=\"wp-embedded-content\" data-secret=\"wx0KW5wdu6\"><a href=\"https:\/\/blogs.florida.es\/floridauniversitariablog\/2020\/03\/perque-contar-contes-compta\/\">\u2018Perqu\u00e8 contar contes compta\u2019<\/a><\/blockquote><iframe sandbox=\"allow-scripts\" security=\"restricted\" src=\"https:\/\/blogs.florida.es\/floridauniversitariablog\/2020\/03\/perque-contar-contes-compta\/embed\/#?secret=wx0KW5wdu6\" width=\"600\" height=\"338\" title=\"\u00ab\u2018Perqu\u00e8 contar contes compta\u2019\u00bb \u2014 Experiencia Florida: Blog\" data-secret=\"wx0KW5wdu6\" frameborder=\"0\" marginwidth=\"0\" marginheight=\"0\" scrolling=\"no\" class=\"wp-embedded-content\"><\/iframe><script type=\"text\/javascript\">\n\/* <![CDATA[ *\/\n\/*! This file is auto-generated *\/\n!function(d,l){\"use strict\";l.querySelector&&d.addEventListener&&\"undefined\"!=typeof URL&&(d.wp=d.wp||{},d.wp.receiveEmbedMessage||(d.wp.receiveEmbedMessage=function(e){var t=e.data;if((t||t.secret||t.message||t.value)&&!\/[^a-zA-Z0-9]\/.test(t.secret)){for(var s,r,n,a=l.querySelectorAll('iframe[data-secret=\"'+t.secret+'\"]'),o=l.querySelectorAll('blockquote[data-secret=\"'+t.secret+'\"]'),c=new RegExp(\"^https?:$\",\"i\"),i=0;i<o.length;i++)o[i].style.display=\"none\";for(i=0;i<a.length;i++)s=a[i],e.source===s.contentWindow&&(s.removeAttribute(\"style\"),\"height\"===t.message?(1e3<(r=parseInt(t.value,10))?r=1e3:~~r<200&&(r=200),s.height=r):\"link\"===t.message&&(r=new URL(s.getAttribute(\"src\")),n=new URL(t.value),c.test(n.protocol))&&n.host===r.host&&l.activeElement===s&&(d.top.location.href=t.value))}},d.addEventListener(\"message\",d.wp.receiveEmbedMessage,!1),l.addEventListener(\"DOMContentLoaded\",function(){for(var e,t,s=l.querySelectorAll(\"iframe.wp-embedded-content\"),r=0;r<s.length;r++)(t=(e=s[r]).getAttribute(\"data-secret\"))||(t=Math.random().toString(36).substring(2,12),e.src+=\"#?secret=\"+t,e.setAttribute(\"data-secret\",t)),e.contentWindow.postMessage({message:\"ready\",secret:t},\"*\")},!1)))}(window,document);\n\/* ]]> *\/\n<\/script>\n","description":"Florida Universit\u00e0ria organiz\u00f3 una actividad con el alumnado de Grados de Educaci\u00f3n Infantil y Primaria para trabajar los cuentos desde el punto de vista de la igualdad de g\u00e9nero para eliminar los estereotipos, con motivo del D\u00eda de la Mujer El alumnado del Grado Maestro\/a en Educaci\u00f3n Infantil y del Grado en Maestro\/a en Primaria [&hellip;]"}

‘Perquè contar contes compta’ - Experiencia Florida: Blog

<blockquote class="wp-embedded-content" data-secret="wx0KW5wdu6"><a href="https://blogs.florida.es/floridauniversitariablog/2020/03/perque-contar-contes-compta/">‘Perquè contar contes compta’</a></blockquote><iframe sandbox="allow-scripts" security="restricted" src="https://blogs.florida.es/floridauniversitariablog/2020/03/perque-contar-contes-compta/embed/#?secret=wx0KW5wdu6" width="600" height="338" title="«‘Perquè contar contes compta’» — Experiencia Florida: Blog" data-secret="wx0KW5wdu6" frameborder="0" marginwidth="0" marginheight="0" scrolling="no" class="wp-embedded-content"></iframe><script type="text/javascript">
/* <![CDATA[ */
/*! This file is auto-generated */
!function(d,l){"use strict";l.querySelector&&d.addEventListener&&"undefined"!=typeof URL&&(d.wp=d.wp||{},d.wp.receiveEmbedMessage||(d.wp.receiveEmbedMessage=function(e){var t=e.data;if((t||t.secret||t.message||t.value)&&!/[^a-zA-Z0-9]/.test(t.secret)){for(var s,r,n,a=l.querySelectorAll('iframe[data-secret="'+t.secret+'"]'),o=l.querySelectorAll('blockquote[data-secret="'+t.secret+'"]'),c=new RegExp("^https?:$","i"),i=0;i<o.length;i++)o[i].style.display="none";for(i=0;i<a.length;i++)s=a[i],e.source===s.contentWindow&&(s.removeAttribute("style"),"height"===t.message?(1e3<(r=parseInt(t.value,10))?r=1e3:~~r<200&&(r=200),s.height=r):"link"===t.message&&(r=new URL(s.getAttribute("src")),n=new URL(t.value),c.test(n.protocol))&&n.host===r.host&&l.activeElement===s&&(d.top.location.href=t.value))}},d.addEventListener("message",d.wp.receiveEmbedMessage,!1),l.addEventListener("DOMContentLoaded",function(){for(var e,t,s=l.querySelectorAll("iframe.wp-embedded-content"),r=0;r<s.length;r++)(t=(e=s[r]).getAttribute("data-secret"))||(t=Math.random().toString(36).substring(2,12),e.src+="#?secret="+t,e.setAttribute("data-secret",t)),e.contentWindow.postMessage({message:"ready",secret:t},"*")},!1)))}(window,document);
/* ]]> */
</script>

Florida Universitària organizó una actividad con el alumnado de Grados de Educación Infantil y Primaria para trabajar los cuentos desde el punto de vista de la igualdad de género para eliminar los estereotipos, con motivo del Día de la Mujer El alumnado del Grado Maestro/a en Educación Infantil y del Grado en Maestro/a en Primaria [&hellip;]
