{"version":"1.0","provider_name":"Experiencia Florida: Blog","provider_url":"https:\/\/blogs.florida.es\/floridauniversitariablog","author_name":"mtmoreno@florida.local","author_url":"https:\/\/blogs.florida.es\/floridauniversitariablog\/author\/mtmoreno\/","title":"Liderar para transformar - Experiencia Florida: Blog","type":"rich","width":600,"height":338,"html":"<blockquote class=\"wp-embedded-content\" data-secret=\"24BDjCfwMz\"><a href=\"https:\/\/blogs.florida.es\/floridauniversitariablog\/2020\/12\/liderar-para-transformar\/\">Liderar para transformar<\/a><\/blockquote><iframe sandbox=\"allow-scripts\" security=\"restricted\" src=\"https:\/\/blogs.florida.es\/floridauniversitariablog\/2020\/12\/liderar-para-transformar\/embed\/#?secret=24BDjCfwMz\" width=\"600\" height=\"338\" title=\"\u00abLiderar para transformar\u00bb \u2014 Experiencia Florida: Blog\" data-secret=\"24BDjCfwMz\" frameborder=\"0\" marginwidth=\"0\" marginheight=\"0\" scrolling=\"no\" class=\"wp-embedded-content\"><\/iframe><script type=\"text\/javascript\">\n\/* <![CDATA[ *\/\n\/*! This file is auto-generated *\/\n!function(d,l){\"use strict\";l.querySelector&&d.addEventListener&&\"undefined\"!=typeof URL&&(d.wp=d.wp||{},d.wp.receiveEmbedMessage||(d.wp.receiveEmbedMessage=function(e){var t=e.data;if((t||t.secret||t.message||t.value)&&!\/[^a-zA-Z0-9]\/.test(t.secret)){for(var s,r,n,a=l.querySelectorAll('iframe[data-secret=\"'+t.secret+'\"]'),o=l.querySelectorAll('blockquote[data-secret=\"'+t.secret+'\"]'),c=new RegExp(\"^https?:$\",\"i\"),i=0;i<o.length;i++)o[i].style.display=\"none\";for(i=0;i<a.length;i++)s=a[i],e.source===s.contentWindow&&(s.removeAttribute(\"style\"),\"height\"===t.message?(1e3<(r=parseInt(t.value,10))?r=1e3:~~r<200&&(r=200),s.height=r):\"link\"===t.message&&(r=new URL(s.getAttribute(\"src\")),n=new URL(t.value),c.test(n.protocol))&&n.host===r.host&&l.activeElement===s&&(d.top.location.href=t.value))}},d.addEventListener(\"message\",d.wp.receiveEmbedMessage,!1),l.addEventListener(\"DOMContentLoaded\",function(){for(var e,t,s=l.querySelectorAll(\"iframe.wp-embedded-content\"),r=0;r<s.length;r++)(t=(e=s[r]).getAttribute(\"data-secret\"))||(t=Math.random().toString(36).substring(2,12),e.src+=\"#?secret=\"+t,e.setAttribute(\"data-secret\",t)),e.contentWindow.postMessage({message:\"ready\",secret:t},\"*\")},!1)))}(window,document);\n\/* ]]> *\/\n<\/script>\n","description":"El alumnado del M\u00e1ster de Secundaria de Florida Universit\u00e0ria particip\u00f3 en un seminario de Akoe sobre Liderazgo educativo El alumnado del M\u00e1ster en Profesorado de Educaci\u00f3n Secundaria de Florida Universit\u00e0ria ha participado en el Seminario \u2018Akoe: Liderar para transformar\u2019. \u00a0Los y las ponentes Ivan Palomares, director Escuela Mas\u00eda, Miquel Alcaide, jefe de estudios Escuela Mas\u00eda, [&hellip;]","thumbnail_url":"http:\/\/blogs.florida.es\/floridauniversitariablog\/wp-content\/uploads\/sites\/19\/2020\/12\/seminari-akoe-2-300x223.jpg"}

El alumnado del Máster de Secundaria de Florida Universitària participó en un seminario de Akoe sobre Liderazgo educativo El alumnado del Máster en Profesorado de Educación Secundaria de Florida Universitària ha participado en el Seminario ‘Akoe: Liderar para transformar’.  Los y las ponentes Ivan Palomares, director Escuela Masía, Miquel Alcaide, jefe de estudios Escuela Masía, [&hellip;]
