{"id":9622,"date":"2025-10-24T08:40:04","date_gmt":"2025-10-24T08:40:04","guid":{"rendered":"https:\/\/blogs.florida.es\/floridauniversitariablog\/?page_id=9622"},"modified":"2026-02-09T12:33:18","modified_gmt":"2026-02-09T12:33:18","slug":"etica-y-responsabilidad-social","status":"publish","type":"page","link":"https:\/\/blogs.florida.es\/floridauniversitariablog\/etica-y-responsabilidad-social\/","title":{"rendered":"\u00c9tica y Responsabilidad Social"},"content":{"rendered":"<p>[vc_row][vc_column width=\u00bb1\/2&#8243;][vc_column_text]<\/p>\n<p style=\"text-align: justify\">Ser parte de <strong data-start=\"73\" data-end=\"96\">Florida Voluntariat<\/strong> es una oportunidad para crecer, aprender y marcar la diferencia. Si eres joven y tienes ganas de aportar, conocer gente incre\u00edble y vivir experiencias que suman, este es tu sitio. Tu tiempo, tus ideas y tu energ\u00eda pueden transformar realidades y tambi\u00e9n a ti mismo. \u00a1An\u00edmate y forma parte del cambio!<\/p>\n<p>[\/vc_column_text][vc_btn title=\u00bbFlorida VOLUNTARIAT\u00bb color=\u00bbdanger\u00bb align=\u00bbcenter\u00bb i_icon_fontawesome=\u00bbfas fa-edit\u00bb button_block=\u00bbtrue\u00bb add_icon=\u00bbtrue\u00bb link=\u00bburl:https%3A%2F%2Fforms.office.com%2FPages%2FResponsePage.aspx%3Fid%3D_ES8tg-urk2-ZbPGfPzyWTZl8j1EvbtLquGKWjGUOiVUMVo0MzhWV0VSUzZQNE9NT0tLWVMwSUNEOS4u|target:_blank\u00bb][\/vc_column][vc_column width=\u00bb1\/2&#8243;][vc_column_text]<\/p>\n<p style=\"text-align: justify\">Muy pronto te mostraremos las <strong data-start=\"97\" data-end=\"135\">iniciativas de Florida Voluntariat<\/strong> en las que podr\u00e1s participar. Hay opciones para distintos intereses, tiempos y formas de implicarte, as\u00ed que seguro que encuentras una que encaje contigo. Mantente atento y prep\u00e1rate para dar el paso. <strong data-start=\"337\" data-end=\"417\">Tu compromiso puede convertirse en una experiencia que marque la diferencia.<\/strong><\/p>\n<p>[\/vc_column_text][vc_btn title=\u00bbACCIONES en marcha\u00bb color=\u00bbdanger\u00bb align=\u00bbcenter\u00bb i_icon_fontawesome=\u00bbfas fa-cubes\u00bb button_block=\u00bbtrue\u00bb add_icon=\u00bbtrue\u00bb link=\u00bburl:https%3A%2F%2Fforms.office.com%2FPages%2FResponsePage.aspx%3Fid%3D_ES8tg-urk2-ZbPGfPzyWTZl8j1EvbtLquGKWjGUOiVUMVo0MzhWV0VSUzZQNE9NT0tLWVMwSUNEOS4u|target:_blank\u00bb][\/vc_column][\/vc_row][vc_row][vc_column][vc_zigzag][\/vc_column][\/vc_row][vc_row][vc_column][vc_text_separator title=\u00bbACTUALIDAD\u00bb][vc_basic_grid post_type=\u00bbpost\u00bb max_items=\u00bb-1&#8243; element_width=\u00bb6&#8243; initial_loading_animation=\u00bbnone\u00bb grid_id=\u00bbvc_gid:1770640323891-93f0e484-a046-3&#8243; taxonomies=\u00bb621&#8243;][\/vc_column][\/vc_row]<\/p>\n","protected":false},"excerpt":{"rendered":"<p>[vc_row][vc_column width=\u00bb1\/2&#8243;][vc_column_text] Ser parte de Florida Voluntariat es una oportunidad para crecer, aprender y marcar la diferencia. Si eres joven y tienes ganas de aportar, conocer gente incre\u00edble y vivir experiencias que suman, este es tu sitio. Tu tiempo, tus ideas y tu energ\u00eda pueden transformar realidades y tambi\u00e9n a ti mismo. \u00a1An\u00edmate y forma [&hellip;]<\/p>\n","protected":false},"author":14,"featured_media":0,"parent":0,"menu_order":0,"comment_status":"closed","ping_status":"closed","template":"","meta":{"jetpack_post_was_ever_published":false,"footnotes":""},"class_list":["post-9622","page","type-page","status-publish","hentry"],"yoast_head":"<!-- This site is optimized with the Yoast SEO plugin v21.6 - https:\/\/yoast.com\/wordpress\/plugins\/seo\/ -->\n<title>\u00c9tica y Responsabilidad Social - Experiencia Florida: Blog<\/title>\n<meta name=\"robots\" content=\"index, follow, max-snippet:-1, max-image-preview:large, max-video-preview:-1\" \/>\n<link rel=\"canonical\" href=\"https:\/\/blogs.florida.es\/floridauniversitariablog\/etica-y-responsabilidad-social\/\" \/>\n<meta property=\"og:locale\" content=\"es_ES\" \/>\n<meta property=\"og:type\" content=\"article\" \/>\n<meta property=\"og:title\" content=\"\u00c9tica y Responsabilidad Social - Experiencia Florida: Blog\" \/>\n<meta property=\"og:description\" content=\"[vc_row][vc_column width=\u00bb1\/2&#8243;][vc_column_text] Ser parte de Florida Voluntariat es una oportunidad para crecer, aprender y marcar la diferencia. Si eres joven y tienes ganas de aportar, conocer gente incre\u00edble y vivir experiencias que suman, este es tu sitio. Tu tiempo, tus ideas y tu energ\u00eda pueden transformar realidades y tambi\u00e9n a ti mismo. \u00a1An\u00edmate y forma [&hellip;]\" \/>\n<meta property=\"og:url\" content=\"https:\/\/blogs.florida.es\/floridauniversitariablog\/etica-y-responsabilidad-social\/\" \/>\n<meta property=\"og:site_name\" content=\"Experiencia Florida: Blog\" \/>\n<meta property=\"article:modified_time\" content=\"2026-02-09T12:33:18+00:00\" \/>\n<meta name=\"twitter:card\" content=\"summary_large_image\" \/>\n<meta name=\"twitter:label1\" content=\"Tiempo de lectura\" \/>\n\t<meta name=\"twitter:data1\" content=\"1 minuto\" \/>\n<script type=\"application\/ld+json\" class=\"yoast-schema-graph\">{\"@context\":\"https:\/\/schema.org\",\"@graph\":[{\"@type\":\"WebPage\",\"@id\":\"https:\/\/blogs.florida.es\/floridauniversitariablog\/etica-y-responsabilidad-social\/\",\"url\":\"https:\/\/blogs.florida.es\/floridauniversitariablog\/etica-y-responsabilidad-social\/\",\"name\":\"\u00c9tica y Responsabilidad Social - Experiencia Florida: Blog\",\"isPartOf\":{\"@id\":\"https:\/\/blogs.florida.es\/floridauniversitariablog\/#website\"},\"datePublished\":\"2025-10-24T08:40:04+00:00\",\"dateModified\":\"2026-02-09T12:33:18+00:00\",\"breadcrumb\":{\"@id\":\"https:\/\/blogs.florida.es\/floridauniversitariablog\/etica-y-responsabilidad-social\/#breadcrumb\"},\"inLanguage\":\"es\",\"potentialAction\":[{\"@type\":\"ReadAction\",\"target\":[\"https:\/\/blogs.florida.es\/floridauniversitariablog\/etica-y-responsabilidad-social\/\"]}]},{\"@type\":\"BreadcrumbList\",\"@id\":\"https:\/\/blogs.florida.es\/floridauniversitariablog\/etica-y-responsabilidad-social\/#breadcrumb\",\"itemListElement\":[{\"@type\":\"ListItem\",\"position\":1,\"name\":\"Portada\",\"item\":\"https:\/\/blogs.florida.es\/floridauniversitariablog\/\"},{\"@type\":\"ListItem\",\"position\":2,\"name\":\"\u00c9tica y Responsabilidad Social\"}]},{\"@type\":\"WebSite\",\"@id\":\"https:\/\/blogs.florida.es\/floridauniversitariablog\/#website\",\"url\":\"https:\/\/blogs.florida.es\/floridauniversitariablog\/\",\"name\":\"Experiencia Florida: Blog\",\"description\":\"Experiencia Florida: Nuestro Blog\",\"potentialAction\":[{\"@type\":\"SearchAction\",\"target\":{\"@type\":\"EntryPoint\",\"urlTemplate\":\"https:\/\/blogs.florida.es\/floridauniversitariablog\/?s={search_term_string}\"},\"query-input\":\"required name=search_term_string\"}],\"inLanguage\":\"es\"}]}<\/script>\n<!-- \/ Yoast SEO plugin. -->","yoast_head_json":{"title":"\u00c9tica y Responsabilidad Social - Experiencia Florida: Blog","robots":{"index":"index","follow":"follow","max-snippet":"max-snippet:-1","max-image-preview":"max-image-preview:large","max-video-preview":"max-video-preview:-1"},"canonical":"https:\/\/blogs.florida.es\/floridauniversitariablog\/etica-y-responsabilidad-social\/","og_locale":"es_ES","og_type":"article","og_title":"\u00c9tica y Responsabilidad Social - Experiencia Florida: Blog","og_description":"[vc_row][vc_column width=\u00bb1\/2&#8243;][vc_column_text] Ser parte de Florida Voluntariat es una oportunidad para crecer, aprender y marcar la diferencia. Si eres joven y tienes ganas de aportar, conocer gente incre\u00edble y vivir experiencias que suman, este es tu sitio. Tu tiempo, tus ideas y tu energ\u00eda pueden transformar realidades y tambi\u00e9n a ti mismo. \u00a1An\u00edmate y forma [&hellip;]","og_url":"https:\/\/blogs.florida.es\/floridauniversitariablog\/etica-y-responsabilidad-social\/","og_site_name":"Experiencia Florida: Blog","article_modified_time":"2026-02-09T12:33:18+00:00","twitter_card":"summary_large_image","twitter_misc":{"Tiempo de lectura":"1 minuto"},"schema":{"@context":"https:\/\/schema.org","@graph":[{"@type":"WebPage","@id":"https:\/\/blogs.florida.es\/floridauniversitariablog\/etica-y-responsabilidad-social\/","url":"https:\/\/blogs.florida.es\/floridauniversitariablog\/etica-y-responsabilidad-social\/","name":"\u00c9tica y Responsabilidad Social - Experiencia Florida: Blog","isPartOf":{"@id":"https:\/\/blogs.florida.es\/floridauniversitariablog\/#website"},"datePublished":"2025-10-24T08:40:04+00:00","dateModified":"2026-02-09T12:33:18+00:00","breadcrumb":{"@id":"https:\/\/blogs.florida.es\/floridauniversitariablog\/etica-y-responsabilidad-social\/#breadcrumb"},"inLanguage":"es","potentialAction":[{"@type":"ReadAction","target":["https:\/\/blogs.florida.es\/floridauniversitariablog\/etica-y-responsabilidad-social\/"]}]},{"@type":"BreadcrumbList","@id":"https:\/\/blogs.florida.es\/floridauniversitariablog\/etica-y-responsabilidad-social\/#breadcrumb","itemListElement":[{"@type":"ListItem","position":1,"name":"Portada","item":"https:\/\/blogs.florida.es\/floridauniversitariablog\/"},{"@type":"ListItem","position":2,"name":"\u00c9tica y Responsabilidad Social"}]},{"@type":"WebSite","@id":"https:\/\/blogs.florida.es\/floridauniversitariablog\/#website","url":"https:\/\/blogs.florida.es\/floridauniversitariablog\/","name":"Experiencia Florida: Blog","description":"Experiencia Florida: Nuestro Blog","potentialAction":[{"@type":"SearchAction","target":{"@type":"EntryPoint","urlTemplate":"https:\/\/blogs.florida.es\/floridauniversitariablog\/?s={search_term_string}"},"query-input":"required name=search_term_string"}],"inLanguage":"es"}]}},"jetpack_sharing_enabled":true,"jetpack_shortlink":"https:\/\/wp.me\/Pau61W-2vc","post_mailing_queue_ids":[],"_links":{"self":[{"href":"https:\/\/blogs.florida.es\/floridauniversitariablog\/wp-json\/wp\/v2\/pages\/9622","targetHints":{"allow":["GET"]}}],"collection":[{"href":"https:\/\/blogs.florida.es\/floridauniversitariablog\/wp-json\/wp\/v2\/pages"}],"about":[{"href":"https:\/\/blogs.florida.es\/floridauniversitariablog\/wp-json\/wp\/v2\/types\/page"}],"author":[{"embeddable":true,"href":"https:\/\/blogs.florida.es\/floridauniversitariablog\/wp-json\/wp\/v2\/users\/14"}],"replies":[{"embeddable":true,"href":"https:\/\/blogs.florida.es\/floridauniversitariablog\/wp-json\/wp\/v2\/comments?post=9622"}],"version-history":[{"count":31,"href":"https:\/\/blogs.florida.es\/floridauniversitariablog\/wp-json\/wp\/v2\/pages\/9622\/revisions"}],"predecessor-version":[{"id":9624,"href":"https:\/\/blogs.florida.es\/floridauniversitariablog\/wp-json\/wp\/v2\/pages\/9622\/revisions\/9624"}],"wp:attachment":[{"href":"https:\/\/blogs.florida.es\/floridauniversitariablog\/wp-json\/wp\/v2\/media?parent=9622"}],"curies":[{"name":"wp","href":"https:\/\/api.w.org\/{rel}","templated":true}]}}